{"id":3318,"date":"2017-12-23T11:54:40","date_gmt":"2017-12-23T10:54:40","guid":{"rendered":"http:\/\/www.region-fes-meknes.ma\/?page_id=3318"},"modified":"2017-12-23T11:54:40","modified_gmt":"2017-12-23T10:54:40","slug":"patrimoine-et-culture","status":"publish","type":"page","link":"https:\/\/www.region-fes-meknes.ma\/fr\/la-region\/investir-a-la-region\/patrimoine-et-culture\/","title":{"rendered":"Patrimoine et culture"},"content":{"rendered":"<ul>\n<li>Ancienne m\u00e9dina de F\u00e8s (280ha) class\u00e9e patrimoine mondial par l\u2019UNESCO en 1981.<\/li>\n<li>Deux autres hauts lieux de culture inscrits sur la liste du patrimoine mondial\u00a0par l\u2019UNESCO:\u00a0cit\u00e9 imp\u00e9riale de Mekn\u00e8s (1996) et le site arch\u00e9ologique de volubilis (1997)<\/li>\n<li>Universit\u00e9 Quaraouiyine, la plus ancienne dans le monde, fond\u00e9e en 895.<\/li>\n<li>Tout au long de l\u2019ann\u00e9e, la r\u00e9gion F\u00e8s Mekn\u00e8s est le lieu privil\u00e9gi\u00e9 de festivals et de rencontres de renomm\u00e9e nationale et internationale avec plus de 30 festivals.<\/li>\n<li>Salon de l\u2019Agriculture \u00e0 Mekn\u00e8s.<\/li>\n<\/ul>\n","protected":false},"excerpt":{"rendered":"<p>Ancienne m\u00e9dina de F\u00e8s (280ha) class\u00e9e patrimoine mondial par l\u2019UNESCO en 1981. Deux autres hauts lieux de culture inscrits sur la liste du patrimoine mondial\u00a0par l\u2019UNESCO:\u00a0cit\u00e9 imp\u00e9riale de Mekn\u00e8s (1996) &#8230;<\/p>\n","protected":false},"author":1,"featured_media":0,"parent":1348,"menu_order":3,"comment_status":"closed","ping_status":"closed","template":"","meta":{"_bbp_topic_count":0,"_bbp_reply_count":0,"_bbp_total_topic_count":0,"_bbp_total_reply_count":0,"_bbp_voice_count":0,"_bbp_anonymous_reply_count":0,"_bbp_topic_count_hidden":0,"_bbp_reply_count_hidden":0,"_bbp_forum_subforum_count":0},"acf":[],"yoast_head":"<!-- This site is optimized with the Yoast SEO plugin v19.5.1 - https:\/\/yoast.com\/wordpress\/plugins\/seo\/ -->\n<title>Patrimoine et culture - R\u00e9gion F\u00e8s Mekn\u00e8s<\/title>\n<meta name=\"robots\" content=\"index, follow, max-snippet:-1, max-image-preview:large, max-video-preview:-1\" \/>\n<link rel=\"canonical\" href=\"https:\/\/www.region-fes-meknes.ma\/fr\/la-region\/investir-a-la-region\/patrimoine-et-culture\/\" \/>\n<meta property=\"og:locale\" content=\"fr_FR\" \/>\n<meta property=\"og:type\" content=\"article\" \/>\n<meta property=\"og:title\" content=\"Patrimoine et culture - R\u00e9gion F\u00e8s Mekn\u00e8s\" \/>\n<meta property=\"og:description\" content=\"Ancienne m\u00e9dina de F\u00e8s (280ha) class\u00e9e patrimoine mondial par l\u2019UNESCO en 1981. Deux autres hauts lieux de culture inscrits sur la liste du patrimoine mondial\u00a0par l\u2019UNESCO:\u00a0cit\u00e9 imp\u00e9riale de Mekn\u00e8s (1996) ...\" \/>\n<meta property=\"og:url\" content=\"https:\/\/www.region-fes-meknes.ma\/fr\/la-region\/investir-a-la-region\/patrimoine-et-culture\/\" \/>\n<meta property=\"og:site_name\" content=\"R\u00e9gion F\u00e8s Mekn\u00e8s\" \/>\n<meta property=\"article:publisher\" content=\"https:\/\/www.facebook.com\/R%c3%a9gion-F%c3%a8s-Mekn%c3%a8s-1130195096990872\" \/>\n<meta name=\"twitter:card\" content=\"summary_large_image\" \/>\n<script type=\"application\/ld+json\" class=\"yoast-schema-graph\">{\"@context\":\"https:\/\/schema.org\",\"@graph\":[{\"@type\":\"WebPage\",\"@id\":\"https:\/\/www.region-fes-meknes.ma\/fr\/la-region\/investir-a-la-region\/patrimoine-et-culture\/\",\"url\":\"https:\/\/www.region-fes-meknes.ma\/fr\/la-region\/investir-a-la-region\/patrimoine-et-culture\/\",\"name\":\"Patrimoine et culture - R\u00e9gion F\u00e8s Mekn\u00e8s\",\"isPartOf\":{\"@id\":\"https:\/\/www.region-fes-meknes.ma\/#website\"},\"datePublished\":\"2017-12-23T10:54:40+00:00\",\"dateModified\":\"2017-12-23T10:54:40+00:00\",\"breadcrumb\":{\"@id\":\"https:\/\/www.region-fes-meknes.ma\/fr\/la-region\/investir-a-la-region\/patrimoine-et-culture\/#breadcrumb\"},\"inLanguage\":\"fr-FR\",\"potentialAction\":[{\"@type\":\"ReadAction\",\"target\":[\"https:\/\/www.region-fes-meknes.ma\/fr\/la-region\/investir-a-la-region\/patrimoine-et-culture\/\"]}]},{\"@type\":\"BreadcrumbList\",\"@id\":\"https:\/\/www.region-fes-meknes.ma\/fr\/la-region\/investir-a-la-region\/patrimoine-et-culture\/#breadcrumb\",\"itemListElement\":[{\"@type\":\"ListItem\",\"position\":1,\"name\":\"Accueil\",\"item\":\"https:\/\/www.region-fes-meknes.ma\/fr\/\"},{\"@type\":\"ListItem\",\"position\":2,\"name\":\"La R\u00e9gion\",\"item\":\"https:\/\/www.region-fes-meknes.ma\/fr\/la-region\/\"},{\"@type\":\"ListItem\",\"position\":3,\"name\":\"Investir \u00e0 la R\u00e9gion\",\"item\":\"https:\/\/www.region-fes-meknes.ma\/fr\/la-region\/investir-a-la-region\/\"},{\"@type\":\"ListItem\",\"position\":4,\"name\":\"Patrimoine et culture\"}]},{\"@type\":\"WebSite\",\"@id\":\"https:\/\/www.region-fes-meknes.ma\/#website\",\"url\":\"https:\/\/www.region-fes-meknes.ma\/\",\"name\":\"Portail de la R\u00e9gion F\u00e8s-Mekn\u00e8s\",\"description\":\"Site officiel de la r\u00e9gion F\u00e8s-Mekn\u00e8s.\",\"publisher\":{\"@id\":\"https:\/\/www.region-fes-meknes.ma\/#organization\"},\"potentialAction\":[{\"@type\":\"SearchAction\",\"target\":{\"@type\":\"EntryPoint\",\"urlTemplate\":\"https:\/\/www.region-fes-meknes.ma\/?s={search_term_string}\"},\"query-input\":\"required name=search_term_string\"}],\"inLanguage\":\"fr-FR\"},{\"@type\":\"Organization\",\"@id\":\"https:\/\/www.region-fes-meknes.ma\/#organization\",\"name\":\"R\u00e9gion F\u00e8s M\u00e8kn\u00e8s\",\"url\":\"https:\/\/www.region-fes-meknes.ma\/\",\"sameAs\":[\"https:\/\/www.facebook.com\/R\u00e9gion-F\u00e8s-Mekn\u00e8s-1130195096990872\"],\"logo\":{\"@type\":\"ImageObject\",\"inLanguage\":\"fr-FR\",\"@id\":\"https:\/\/www.region-fes-meknes.ma\/#\/schema\/logo\/image\/\",\"url\":\"http:\/\/www.region-fes-meknes.ma\/wp-content\/uploads\/2017\/10\/logo-rfm4.png\",\"contentUrl\":\"http:\/\/www.region-fes-meknes.ma\/wp-content\/uploads\/2017\/10\/logo-rfm4.png\",\"width\":304,\"height\":291,\"caption\":\"R\u00e9gion F\u00e8s M\u00e8kn\u00e8s\"},\"image\":{\"@id\":\"https:\/\/www.region-fes-meknes.ma\/#\/schema\/logo\/image\/\"}}]}<\/script>\n<!-- \/ Yoast SEO plugin. -->","yoast_head_json":{"title":"Patrimoine et culture - R\u00e9gion F\u00e8s Mekn\u00e8s","robots":{"index":"index","follow":"follow","max-snippet":"max-snippet:-1","max-image-preview":"max-image-preview:large","max-video-preview":"max-video-preview:-1"},"canonical":"https:\/\/www.region-fes-meknes.ma\/fr\/la-region\/investir-a-la-region\/patrimoine-et-culture\/","og_locale":"fr_FR","og_type":"article","og_title":"Patrimoine et culture - R\u00e9gion F\u00e8s Mekn\u00e8s","og_description":"Ancienne m\u00e9dina de F\u00e8s (280ha) class\u00e9e patrimoine mondial par l\u2019UNESCO en 1981. Deux autres hauts lieux de culture inscrits sur la liste du patrimoine mondial\u00a0par l\u2019UNESCO:\u00a0cit\u00e9 imp\u00e9riale de Mekn\u00e8s (1996) ...","og_url":"https:\/\/www.region-fes-meknes.ma\/fr\/la-region\/investir-a-la-region\/patrimoine-et-culture\/","og_site_name":"R\u00e9gion F\u00e8s Mekn\u00e8s","article_publisher":"https:\/\/www.facebook.com\/R%c3%a9gion-F%c3%a8s-Mekn%c3%a8s-1130195096990872","twitter_card":"summary_large_image","schema":{"@context":"https:\/\/schema.org","@graph":[{"@type":"WebPage","@id":"https:\/\/www.region-fes-meknes.ma\/fr\/la-region\/investir-a-la-region\/patrimoine-et-culture\/","url":"https:\/\/www.region-fes-meknes.ma\/fr\/la-region\/investir-a-la-region\/patrimoine-et-culture\/","name":"Patrimoine et culture - R\u00e9gion F\u00e8s Mekn\u00e8s","isPartOf":{"@id":"https:\/\/www.region-fes-meknes.ma\/#website"},"datePublished":"2017-12-23T10:54:40+00:00","dateModified":"2017-12-23T10:54:40+00:00","breadcrumb":{"@id":"https:\/\/www.region-fes-meknes.ma\/fr\/la-region\/investir-a-la-region\/patrimoine-et-culture\/#breadcrumb"},"inLanguage":"fr-FR","potentialAction":[{"@type":"ReadAction","target":["https:\/\/www.region-fes-meknes.ma\/fr\/la-region\/investir-a-la-region\/patrimoine-et-culture\/"]}]},{"@type":"BreadcrumbList","@id":"https:\/\/www.region-fes-meknes.ma\/fr\/la-region\/investir-a-la-region\/patrimoine-et-culture\/#breadcrumb","itemListElement":[{"@type":"ListItem","position":1,"name":"Accueil","item":"https:\/\/www.region-fes-meknes.ma\/fr\/"},{"@type":"ListItem","position":2,"name":"La R\u00e9gion","item":"https:\/\/www.region-fes-meknes.ma\/fr\/la-region\/"},{"@type":"ListItem","position":3,"name":"Investir \u00e0 la R\u00e9gion","item":"https:\/\/www.region-fes-meknes.ma\/fr\/la-region\/investir-a-la-region\/"},{"@type":"ListItem","position":4,"name":"Patrimoine et culture"}]},{"@type":"WebSite","@id":"https:\/\/www.region-fes-meknes.ma\/#website","url":"https:\/\/www.region-fes-meknes.ma\/","name":"Portail de la R\u00e9gion F\u00e8s-Mekn\u00e8s","description":"Site officiel de la r\u00e9gion F\u00e8s-Mekn\u00e8s.","publisher":{"@id":"https:\/\/www.region-fes-meknes.ma\/#organization"},"potentialAction":[{"@type":"SearchAction","target":{"@type":"EntryPoint","urlTemplate":"https:\/\/www.region-fes-meknes.ma\/?s={search_term_string}"},"query-input":"required name=search_term_string"}],"inLanguage":"fr-FR"},{"@type":"Organization","@id":"https:\/\/www.region-fes-meknes.ma\/#organization","name":"R\u00e9gion F\u00e8s M\u00e8kn\u00e8s","url":"https:\/\/www.region-fes-meknes.ma\/","sameAs":["https:\/\/www.facebook.com\/R\u00e9gion-F\u00e8s-Mekn\u00e8s-1130195096990872"],"logo":{"@type":"ImageObject","inLanguage":"fr-FR","@id":"https:\/\/www.region-fes-meknes.ma\/#\/schema\/logo\/image\/","url":"http:\/\/www.region-fes-meknes.ma\/wp-content\/uploads\/2017\/10\/logo-rfm4.png","contentUrl":"http:\/\/www.region-fes-meknes.ma\/wp-content\/uploads\/2017\/10\/logo-rfm4.png","width":304,"height":291,"caption":"R\u00e9gion F\u00e8s M\u00e8kn\u00e8s"},"image":{"@id":"https:\/\/www.region-fes-meknes.ma\/#\/schema\/logo\/image\/"}}]}},"_links":{"self":[{"href":"https:\/\/www.region-fes-meknes.ma\/fr\/wp-json\/wp\/v2\/pages\/3318"}],"collection":[{"href":"https:\/\/www.region-fes-meknes.ma\/fr\/wp-json\/wp\/v2\/pages"}],"about":[{"href":"https:\/\/www.region-fes-meknes.ma\/fr\/wp-json\/wp\/v2\/types\/page"}],"author":[{"embeddable":true,"href":"https:\/\/www.region-fes-meknes.ma\/fr\/wp-json\/wp\/v2\/users\/1"}],"replies":[{"embeddable":true,"href":"https:\/\/www.region-fes-meknes.ma\/fr\/wp-json\/wp\/v2\/comments?post=3318"}],"version-history":[{"count":1,"href":"https:\/\/www.region-fes-meknes.ma\/fr\/wp-json\/wp\/v2\/pages\/3318\/revisions"}],"predecessor-version":[{"id":3319,"href":"https:\/\/www.region-fes-meknes.ma\/fr\/wp-json\/wp\/v2\/pages\/3318\/revisions\/3319"}],"up":[{"embeddable":true,"href":"https:\/\/www.region-fes-meknes.ma\/fr\/wp-json\/wp\/v2\/pages\/1348"}],"wp:attachment":[{"href":"https:\/\/www.region-fes-meknes.ma\/fr\/wp-json\/wp\/v2\/media?parent=3318"}],"curies":[{"name":"wp","href":"https:\/\/api.w.org\/{rel}","templated":true}]}}

<ul>
<li>Ancienne médina de Fès (280ha) classée patrimoine mondial par l’UNESCO en 1981.</li>
<li>Deux autres hauts lieux de culture inscrits sur la liste du patrimoine mondial par l’UNESCO: cité impériale de Meknès (1996) et le site archéologique de volubilis (1997)</li>
<li>Université Quaraouiyine, la plus ancienne dans le monde, fondée en 895.</li>
<li>Tout au long de l’année, la région Fès Meknès est le lieu privilégié de festivals et de rencontres de renommée nationale et internationale avec plus de 30 festivals.</li>
<li>Salon de l’Agriculture à Meknès.</li>
</ul>

<p>Ancienne médina de Fès (280ha) classée patrimoine mondial par l’UNESCO en 1981. Deux autres hauts lieux de culture inscrits sur la liste du patrimoine mondial par l’UNESCO: cité impériale de Meknès (1996) &#8230;</p>

<!-- This site is optimized with the Yoast SEO plugin v19.5.1 - https://yoast.com/wordpress/plugins/seo/ -->
<title>Patrimoine et culture - Région Fès Meknès</title>
<meta name="robots" content="index, follow, max-snippet:-1, max-image-preview:large, max-video-preview:-1" />
<link rel="canonical" href="https://www.region-fes-meknes.ma/fr/la-region/investir-a-la-region/patrimoine-et-culture/" />
<meta property="og:locale" content="fr_FR" />
<meta property="og:type" content="article" />
<meta property="og:title" content="Patrimoine et culture - Région Fès Meknès" />
<meta property="og:description" content="Ancienne médina de Fès (280ha) classée patrimoine mondial par l’UNESCO en 1981. Deux autres hauts lieux de culture inscrits sur la liste du patrimoine mondial par l’UNESCO: cité impériale de Meknès (1996) ..." />
<meta property="og:url" content="https://www.region-fes-meknes.ma/fr/la-region/investir-a-la-region/patrimoine-et-culture/" />
<meta property="og:site_name" content="Région Fès Meknès" />
<meta property="article:publisher" content="https://www.facebook.com/R%c3%a9gion-F%c3%a8s-Mekn%c3%a8s-1130195096990872" />
<meta name="twitter:card" content="summary_large_image" />
<script type="application/ld+json" class="yoast-schema-graph">{"@context":"https://schema.org","@graph":[{"@type":"WebPage","@id":"https://www.region-fes-meknes.ma/fr/la-region/investir-a-la-region/patrimoine-et-culture/","url":"https://www.region-fes-meknes.ma/fr/la-region/investir-a-la-region/patrimoine-et-culture/","name":"Patrimoine et culture - Région Fès Meknès","isPartOf":{"@id":"https://www.region-fes-meknes.ma/#website"},"datePublished":"2017-12-23T10:54:40+00:00","dateModified":"2017-12-23T10:54:40+00:00","breadcrumb":{"@id":"https://www.region-fes-meknes.ma/fr/la-region/investir-a-la-region/patrimoine-et-culture/#breadcrumb"},"inLanguage":"fr-FR","potentialAction":[{"@type":"ReadAction","target":["https://www.region-fes-meknes.ma/fr/la-region/investir-a-la-region/patrimoine-et-culture/"]}]},{"@type":"BreadcrumbList","@id":"https://www.region-fes-meknes.ma/fr/la-region/investir-a-la-region/patrimoine-et-culture/#breadcrumb","itemListElement":[{"@type":"ListItem","position":1,"name":"Accueil","item":"https://www.region-fes-meknes.ma/fr/"},{"@type":"ListItem","position":2,"name":"La Région","item":"https://www.region-fes-meknes.ma/fr/la-region/"},{"@type":"ListItem","position":3,"name":"Investir à la Région","item":"https://www.region-fes-meknes.ma/fr/la-region/investir-a-la-region/"},{"@type":"ListItem","position":4,"name":"Patrimoine et culture"}]},{"@type":"WebSite","@id":"https://www.region-fes-meknes.ma/#website","url":"https://www.region-fes-meknes.ma/","name":"Portail de la Région Fès-Meknès","description":"Site officiel de la région Fès-Meknès.","publisher":{"@id":"https://www.region-fes-meknes.ma/#organization"},"potentialAction":[{"@type":"SearchAction","target":{"@type":"EntryPoint","urlTemplate":"https://www.region-fes-meknes.ma/?s={search_term_string}"},"query-input":"required name=search_term_string"}],"inLanguage":"fr-FR"},{"@type":"Organization","@id":"https://www.region-fes-meknes.ma/#organization","name":"Région Fès Mèknès","url":"https://www.region-fes-meknes.ma/","sameAs":["https://www.facebook.com/Région-Fès-Meknès-1130195096990872"],"logo":{"@type":"ImageObject","inLanguage":"fr-FR","@id":"https://www.region-fes-meknes.ma/#/schema/logo/image/","url":"http://www.region-fes-meknes.ma/wp-content/uploads/2017/10/logo-rfm4.png","contentUrl":"http://www.region-fes-meknes.ma/wp-content/uploads/2017/10/logo-rfm4.png","width":304,"height":291,"caption":"Région Fès Mèknès"},"image":{"@id":"https://www.region-fes-meknes.ma/#/schema/logo/image/"}}]}</script>
<!-- / Yoast SEO plugin. -->

Patrimoine et culture - Région Fès Meknès

Ancienne médina de Fès (280ha) classée patrimoine mondial par l’UNESCO en 1981. Deux autres hauts lieux de culture inscrits sur la liste du patrimoine mondial par l’UNESCO: cité impériale de Meknès (1996) ...

Région Fès Meknès

La Région

Investir à la Région

Portail de la Région Fès-Meknès

Site officiel de la région Fès-Meknès.

Région Fès Mèknès

https://www.facebook.com/Région-Fès-Meknès-1130195096990872
