{"id":3320,"date":"2017-12-23T11:56:07","date_gmt":"2017-12-23T10:56:07","guid":{"rendered":"http:\/\/www.region-fes-meknes.ma\/?page_id=3320"},"modified":"2017-12-23T11:56:07","modified_gmt":"2017-12-23T10:56:07","slug":"ressources-humaines-et-main-doeuvre-qualifiees","status":"publish","type":"page","link":"https:\/\/www.region-fes-meknes.ma\/fr\/la-region\/investir-a-la-region\/ressources-humaines-et-main-doeuvre-qualifiees\/","title":{"rendered":"Ressources humaines et main d&rsquo;oeuvre qualifi\u00e9es"},"content":{"rendered":"<p>La r\u00e9gion compte des universit\u00e9s avec des \u00e9coles d\u2019ing\u00e9nieurs (ENSAM, ENSA, ENA\u2026) et de commerce (ENCG..) en plus des facult\u00e9s. Des laur\u00e9ats sont dipl\u00f4m\u00e9s chaque ann\u00e9e, repr\u00e9sentant diff\u00e9rents profils : Ing\u00e9nieurs, \u00e9lectrom\u00e9caniciens, techniciens, dipl\u00f4m\u00e9s en gestion, commerce et marketing, traducteur, juristes, informaticiens\u2026ainsi que des centres de formation professionnelle dans divers secteurs (OFPPT..).<\/p>\n<p>Ceci dit, de nombreux \u00e9tablissements d\u2019enseignement et de recherche offrent des formations directement li\u00e9es aux principaux moteurs \u00e9conomiques de la r\u00e9gion. Ils assurent la disponibilit\u00e9 d\u2019une main-d\u2019\u0153uvre hautement qualifi\u00e9e et pr\u00eate \u00e0 s\u2019investir.<\/p>\n","protected":false},"excerpt":{"rendered":"<p>La r\u00e9gion compte des universit\u00e9s avec des \u00e9coles d\u2019ing\u00e9nieurs (ENSAM, ENSA, ENA\u2026) et de commerce (ENCG..) en plus des facult\u00e9s. Des laur\u00e9ats sont dipl\u00f4m\u00e9s chaque ann\u00e9e, repr\u00e9sentant diff\u00e9rents profils : &#8230;<\/p>\n","protected":false},"author":1,"featured_media":0,"parent":1348,"menu_order":4,"comment_status":"closed","ping_status":"closed","template":"","meta":{"_bbp_topic_count":0,"_bbp_reply_count":0,"_bbp_total_topic_count":0,"_bbp_total_reply_count":0,"_bbp_voice_count":0,"_bbp_anonymous_reply_count":0,"_bbp_topic_count_hidden":0,"_bbp_reply_count_hidden":0,"_bbp_forum_subforum_count":0},"acf":[],"yoast_head":"<!-- This site is optimized with the Yoast SEO plugin v19.5.1 - https:\/\/yoast.com\/wordpress\/plugins\/seo\/ -->\n<title>Ressources humaines et main d&#039;oeuvre qualifi\u00e9es - R\u00e9gion F\u00e8s Mekn\u00e8s<\/title>\n<meta name=\"robots\" content=\"index, follow, max-snippet:-1, max-image-preview:large, max-video-preview:-1\" \/>\n<link rel=\"canonical\" href=\"https:\/\/www.region-fes-meknes.ma\/fr\/la-region\/investir-a-la-region\/ressources-humaines-et-main-doeuvre-qualifiees\/\" \/>\n<meta property=\"og:locale\" content=\"fr_FR\" \/>\n<meta property=\"og:type\" content=\"article\" \/>\n<meta property=\"og:title\" content=\"Ressources humaines et main d&#039;oeuvre qualifi\u00e9es - R\u00e9gion F\u00e8s Mekn\u00e8s\" \/>\n<meta property=\"og:description\" content=\"La r\u00e9gion compte des universit\u00e9s avec des \u00e9coles d\u2019ing\u00e9nieurs (ENSAM, ENSA, ENA\u2026) et de commerce (ENCG..) en plus des facult\u00e9s. Des laur\u00e9ats sont dipl\u00f4m\u00e9s chaque ann\u00e9e, repr\u00e9sentant diff\u00e9rents profils : ...\" \/>\n<meta property=\"og:url\" content=\"https:\/\/www.region-fes-meknes.ma\/fr\/la-region\/investir-a-la-region\/ressources-humaines-et-main-doeuvre-qualifiees\/\" \/>\n<meta property=\"og:site_name\" content=\"R\u00e9gion F\u00e8s Mekn\u00e8s\" \/>\n<meta property=\"article:publisher\" content=\"https:\/\/www.facebook.com\/R%c3%a9gion-F%c3%a8s-Mekn%c3%a8s-1130195096990872\" \/>\n<meta name=\"twitter:card\" content=\"summary_large_image\" \/>\n<meta name=\"twitter:label1\" content=\"Dur\u00e9e de lecture estim\u00e9e\" \/>\n\t<meta name=\"twitter:data1\" content=\"1 minute\" \/>\n<script type=\"application\/ld+json\" class=\"yoast-schema-graph\">{\"@context\":\"https:\/\/schema.org\",\"@graph\":[{\"@type\":\"WebPage\",\"@id\":\"https:\/\/www.region-fes-meknes.ma\/fr\/la-region\/investir-a-la-region\/ressources-humaines-et-main-doeuvre-qualifiees\/\",\"url\":\"https:\/\/www.region-fes-meknes.ma\/fr\/la-region\/investir-a-la-region\/ressources-humaines-et-main-doeuvre-qualifiees\/\",\"name\":\"Ressources humaines et main d'oeuvre qualifi\u00e9es - R\u00e9gion F\u00e8s Mekn\u00e8s\",\"isPartOf\":{\"@id\":\"https:\/\/www.region-fes-meknes.ma\/#website\"},\"datePublished\":\"2017-12-23T10:56:07+00:00\",\"dateModified\":\"2017-12-23T10:56:07+00:00\",\"breadcrumb\":{\"@id\":\"https:\/\/www.region-fes-meknes.ma\/fr\/la-region\/investir-a-la-region\/ressources-humaines-et-main-doeuvre-qualifiees\/#breadcrumb\"},\"inLanguage\":\"fr-FR\",\"potentialAction\":[{\"@type\":\"ReadAction\",\"target\":[\"https:\/\/www.region-fes-meknes.ma\/fr\/la-region\/investir-a-la-region\/ressources-humaines-et-main-doeuvre-qualifiees\/\"]}]},{\"@type\":\"BreadcrumbList\",\"@id\":\"https:\/\/www.region-fes-meknes.ma\/fr\/la-region\/investir-a-la-region\/ressources-humaines-et-main-doeuvre-qualifiees\/#breadcrumb\",\"itemListElement\":[{\"@type\":\"ListItem\",\"position\":1,\"name\":\"Accueil\",\"item\":\"https:\/\/www.region-fes-meknes.ma\/fr\/\"},{\"@type\":\"ListItem\",\"position\":2,\"name\":\"La R\u00e9gion\",\"item\":\"https:\/\/www.region-fes-meknes.ma\/fr\/la-region\/\"},{\"@type\":\"ListItem\",\"position\":3,\"name\":\"Investir \u00e0 la R\u00e9gion\",\"item\":\"https:\/\/www.region-fes-meknes.ma\/fr\/la-region\/investir-a-la-region\/\"},{\"@type\":\"ListItem\",\"position\":4,\"name\":\"Ressources humaines et main d&rsquo;oeuvre qualifi\u00e9es\"}]},{\"@type\":\"WebSite\",\"@id\":\"https:\/\/www.region-fes-meknes.ma\/#website\",\"url\":\"https:\/\/www.region-fes-meknes.ma\/\",\"name\":\"Portail de la R\u00e9gion F\u00e8s-Mekn\u00e8s\",\"description\":\"Site officiel de la r\u00e9gion F\u00e8s-Mekn\u00e8s.\",\"publisher\":{\"@id\":\"https:\/\/www.region-fes-meknes.ma\/#organization\"},\"potentialAction\":[{\"@type\":\"SearchAction\",\"target\":{\"@type\":\"EntryPoint\",\"urlTemplate\":\"https:\/\/www.region-fes-meknes.ma\/?s={search_term_string}\"},\"query-input\":\"required name=search_term_string\"}],\"inLanguage\":\"fr-FR\"},{\"@type\":\"Organization\",\"@id\":\"https:\/\/www.region-fes-meknes.ma\/#organization\",\"name\":\"R\u00e9gion F\u00e8s M\u00e8kn\u00e8s\",\"url\":\"https:\/\/www.region-fes-meknes.ma\/\",\"sameAs\":[\"https:\/\/www.facebook.com\/R\u00e9gion-F\u00e8s-Mekn\u00e8s-1130195096990872\"],\"logo\":{\"@type\":\"ImageObject\",\"inLanguage\":\"fr-FR\",\"@id\":\"https:\/\/www.region-fes-meknes.ma\/#\/schema\/logo\/image\/\",\"url\":\"http:\/\/www.region-fes-meknes.ma\/wp-content\/uploads\/2017\/10\/logo-rfm4.png\",\"contentUrl\":\"http:\/\/www.region-fes-meknes.ma\/wp-content\/uploads\/2017\/10\/logo-rfm4.png\",\"width\":304,\"height\":291,\"caption\":\"R\u00e9gion F\u00e8s M\u00e8kn\u00e8s\"},\"image\":{\"@id\":\"https:\/\/www.region-fes-meknes.ma\/#\/schema\/logo\/image\/\"}}]}<\/script>\n<!-- \/ Yoast SEO plugin. -->","yoast_head_json":{"title":"Ressources humaines et main d'oeuvre qualifi\u00e9es - R\u00e9gion F\u00e8s Mekn\u00e8s","robots":{"index":"index","follow":"follow","max-snippet":"max-snippet:-1","max-image-preview":"max-image-preview:large","max-video-preview":"max-video-preview:-1"},"canonical":"https:\/\/www.region-fes-meknes.ma\/fr\/la-region\/investir-a-la-region\/ressources-humaines-et-main-doeuvre-qualifiees\/","og_locale":"fr_FR","og_type":"article","og_title":"Ressources humaines et main d'oeuvre qualifi\u00e9es - R\u00e9gion F\u00e8s Mekn\u00e8s","og_description":"La r\u00e9gion compte des universit\u00e9s avec des \u00e9coles d\u2019ing\u00e9nieurs (ENSAM, ENSA, ENA\u2026) et de commerce (ENCG..) en plus des facult\u00e9s. Des laur\u00e9ats sont dipl\u00f4m\u00e9s chaque ann\u00e9e, repr\u00e9sentant diff\u00e9rents profils : ...","og_url":"https:\/\/www.region-fes-meknes.ma\/fr\/la-region\/investir-a-la-region\/ressources-humaines-et-main-doeuvre-qualifiees\/","og_site_name":"R\u00e9gion F\u00e8s Mekn\u00e8s","article_publisher":"https:\/\/www.facebook.com\/R%c3%a9gion-F%c3%a8s-Mekn%c3%a8s-1130195096990872","twitter_card":"summary_large_image","twitter_misc":{"Dur\u00e9e de lecture estim\u00e9e":"1 minute"},"schema":{"@context":"https:\/\/schema.org","@graph":[{"@type":"WebPage","@id":"https:\/\/www.region-fes-meknes.ma\/fr\/la-region\/investir-a-la-region\/ressources-humaines-et-main-doeuvre-qualifiees\/","url":"https:\/\/www.region-fes-meknes.ma\/fr\/la-region\/investir-a-la-region\/ressources-humaines-et-main-doeuvre-qualifiees\/","name":"Ressources humaines et main d'oeuvre qualifi\u00e9es - R\u00e9gion F\u00e8s Mekn\u00e8s","isPartOf":{"@id":"https:\/\/www.region-fes-meknes.ma\/#website"},"datePublished":"2017-12-23T10:56:07+00:00","dateModified":"2017-12-23T10:56:07+00:00","breadcrumb":{"@id":"https:\/\/www.region-fes-meknes.ma\/fr\/la-region\/investir-a-la-region\/ressources-humaines-et-main-doeuvre-qualifiees\/#breadcrumb"},"inLanguage":"fr-FR","potentialAction":[{"@type":"ReadAction","target":["https:\/\/www.region-fes-meknes.ma\/fr\/la-region\/investir-a-la-region\/ressources-humaines-et-main-doeuvre-qualifiees\/"]}]},{"@type":"BreadcrumbList","@id":"https:\/\/www.region-fes-meknes.ma\/fr\/la-region\/investir-a-la-region\/ressources-humaines-et-main-doeuvre-qualifiees\/#breadcrumb","itemListElement":[{"@type":"ListItem","position":1,"name":"Accueil","item":"https:\/\/www.region-fes-meknes.ma\/fr\/"},{"@type":"ListItem","position":2,"name":"La R\u00e9gion","item":"https:\/\/www.region-fes-meknes.ma\/fr\/la-region\/"},{"@type":"ListItem","position":3,"name":"Investir \u00e0 la R\u00e9gion","item":"https:\/\/www.region-fes-meknes.ma\/fr\/la-region\/investir-a-la-region\/"},{"@type":"ListItem","position":4,"name":"Ressources humaines et main d&rsquo;oeuvre qualifi\u00e9es"}]},{"@type":"WebSite","@id":"https:\/\/www.region-fes-meknes.ma\/#website","url":"https:\/\/www.region-fes-meknes.ma\/","name":"Portail de la R\u00e9gion F\u00e8s-Mekn\u00e8s","description":"Site officiel de la r\u00e9gion F\u00e8s-Mekn\u00e8s.","publisher":{"@id":"https:\/\/www.region-fes-meknes.ma\/#organization"},"potentialAction":[{"@type":"SearchAction","target":{"@type":"EntryPoint","urlTemplate":"https:\/\/www.region-fes-meknes.ma\/?s={search_term_string}"},"query-input":"required name=search_term_string"}],"inLanguage":"fr-FR"},{"@type":"Organization","@id":"https:\/\/www.region-fes-meknes.ma\/#organization","name":"R\u00e9gion F\u00e8s M\u00e8kn\u00e8s","url":"https:\/\/www.region-fes-meknes.ma\/","sameAs":["https:\/\/www.facebook.com\/R\u00e9gion-F\u00e8s-Mekn\u00e8s-1130195096990872"],"logo":{"@type":"ImageObject","inLanguage":"fr-FR","@id":"https:\/\/www.region-fes-meknes.ma\/#\/schema\/logo\/image\/","url":"http:\/\/www.region-fes-meknes.ma\/wp-content\/uploads\/2017\/10\/logo-rfm4.png","contentUrl":"http:\/\/www.region-fes-meknes.ma\/wp-content\/uploads\/2017\/10\/logo-rfm4.png","width":304,"height":291,"caption":"R\u00e9gion F\u00e8s M\u00e8kn\u00e8s"},"image":{"@id":"https:\/\/www.region-fes-meknes.ma\/#\/schema\/logo\/image\/"}}]}},"_links":{"self":[{"href":"https:\/\/www.region-fes-meknes.ma\/fr\/wp-json\/wp\/v2\/pages\/3320"}],"collection":[{"href":"https:\/\/www.region-fes-meknes.ma\/fr\/wp-json\/wp\/v2\/pages"}],"about":[{"href":"https:\/\/www.region-fes-meknes.ma\/fr\/wp-json\/wp\/v2\/types\/page"}],"author":[{"embeddable":true,"href":"https:\/\/www.region-fes-meknes.ma\/fr\/wp-json\/wp\/v2\/users\/1"}],"replies":[{"embeddable":true,"href":"https:\/\/www.region-fes-meknes.ma\/fr\/wp-json\/wp\/v2\/comments?post=3320"}],"version-history":[{"count":1,"href":"https:\/\/www.region-fes-meknes.ma\/fr\/wp-json\/wp\/v2\/pages\/3320\/revisions"}],"predecessor-version":[{"id":3321,"href":"https:\/\/www.region-fes-meknes.ma\/fr\/wp-json\/wp\/v2\/pages\/3320\/revisions\/3321"}],"up":[{"embeddable":true,"href":"https:\/\/www.region-fes-meknes.ma\/fr\/wp-json\/wp\/v2\/pages\/1348"}],"wp:attachment":[{"href":"https:\/\/www.region-fes-meknes.ma\/fr\/wp-json\/wp\/v2\/media?parent=3320"}],"curies":[{"name":"wp","href":"https:\/\/api.w.org\/{rel}","templated":true}]}}

Ressources humaines et main d&rsquo;oeuvre qualifiées

<p>La région compte des universités avec des écoles d’ingénieurs (ENSAM, ENSA, ENA…) et de commerce (ENCG..) en plus des facultés. Des lauréats sont diplômés chaque année, représentant différents profils : Ingénieurs, électromécaniciens, techniciens, diplômés en gestion, commerce et marketing, traducteur, juristes, informaticiens…ainsi que des centres de formation professionnelle dans divers secteurs (OFPPT..).</p>
<p>Ceci dit, de nombreux établissements d’enseignement et de recherche offrent des formations directement liées aux principaux moteurs économiques de la région. Ils assurent la disponibilité d’une main-d’œuvre hautement qualifiée et prête à s’investir.</p>

<p>La région compte des universités avec des écoles d’ingénieurs (ENSAM, ENSA, ENA…) et de commerce (ENCG..) en plus des facultés. Des lauréats sont diplômés chaque année, représentant différents profils : &#8230;</p>

<!-- This site is optimized with the Yoast SEO plugin v19.5.1 - https://yoast.com/wordpress/plugins/seo/ -->
<title>Ressources humaines et main d&#039;oeuvre qualifiées - Région Fès Meknès</title>
<meta name="robots" content="index, follow, max-snippet:-1, max-image-preview:large, max-video-preview:-1" />
<link rel="canonical" href="https://www.region-fes-meknes.ma/fr/la-region/investir-a-la-region/ressources-humaines-et-main-doeuvre-qualifiees/" />
<meta property="og:locale" content="fr_FR" />
<meta property="og:type" content="article" />
<meta property="og:title" content="Ressources humaines et main d&#039;oeuvre qualifiées - Région Fès Meknès" />
<meta property="og:description" content="La région compte des universités avec des écoles d’ingénieurs (ENSAM, ENSA, ENA…) et de commerce (ENCG..) en plus des facultés. Des lauréats sont diplômés chaque année, représentant différents profils : ..." />
<meta property="og:url" content="https://www.region-fes-meknes.ma/fr/la-region/investir-a-la-region/ressources-humaines-et-main-doeuvre-qualifiees/" />
<meta property="og:site_name" content="Région Fès Meknès" />
<meta property="article:publisher" content="https://www.facebook.com/R%c3%a9gion-F%c3%a8s-Mekn%c3%a8s-1130195096990872" />
<meta name="twitter:card" content="summary_large_image" />
<meta name="twitter:label1" content="Durée de lecture estimée" />
	<meta name="twitter:data1" content="1 minute" />
<script type="application/ld+json" class="yoast-schema-graph">{"@context":"https://schema.org","@graph":[{"@type":"WebPage","@id":"https://www.region-fes-meknes.ma/fr/la-region/investir-a-la-region/ressources-humaines-et-main-doeuvre-qualifiees/","url":"https://www.region-fes-meknes.ma/fr/la-region/investir-a-la-region/ressources-humaines-et-main-doeuvre-qualifiees/","name":"Ressources humaines et main d'oeuvre qualifiées - Région Fès Meknès","isPartOf":{"@id":"https://www.region-fes-meknes.ma/#website"},"datePublished":"2017-12-23T10:56:07+00:00","dateModified":"2017-12-23T10:56:07+00:00","breadcrumb":{"@id":"https://www.region-fes-meknes.ma/fr/la-region/investir-a-la-region/ressources-humaines-et-main-doeuvre-qualifiees/#breadcrumb"},"inLanguage":"fr-FR","potentialAction":[{"@type":"ReadAction","target":["https://www.region-fes-meknes.ma/fr/la-region/investir-a-la-region/ressources-humaines-et-main-doeuvre-qualifiees/"]}]},{"@type":"BreadcrumbList","@id":"https://www.region-fes-meknes.ma/fr/la-region/investir-a-la-region/ressources-humaines-et-main-doeuvre-qualifiees/#breadcrumb","itemListElement":[{"@type":"ListItem","position":1,"name":"Accueil","item":"https://www.region-fes-meknes.ma/fr/"},{"@type":"ListItem","position":2,"name":"La Région","item":"https://www.region-fes-meknes.ma/fr/la-region/"},{"@type":"ListItem","position":3,"name":"Investir à la Région","item":"https://www.region-fes-meknes.ma/fr/la-region/investir-a-la-region/"},{"@type":"ListItem","position":4,"name":"Ressources humaines et main d&rsquo;oeuvre qualifiées"}]},{"@type":"WebSite","@id":"https://www.region-fes-meknes.ma/#website","url":"https://www.region-fes-meknes.ma/","name":"Portail de la Région Fès-Meknès","description":"Site officiel de la région Fès-Meknès.","publisher":{"@id":"https://www.region-fes-meknes.ma/#organization"},"potentialAction":[{"@type":"SearchAction","target":{"@type":"EntryPoint","urlTemplate":"https://www.region-fes-meknes.ma/?s={search_term_string}"},"query-input":"required name=search_term_string"}],"inLanguage":"fr-FR"},{"@type":"Organization","@id":"https://www.region-fes-meknes.ma/#organization","name":"Région Fès Mèknès","url":"https://www.region-fes-meknes.ma/","sameAs":["https://www.facebook.com/Région-Fès-Meknès-1130195096990872"],"logo":{"@type":"ImageObject","inLanguage":"fr-FR","@id":"https://www.region-fes-meknes.ma/#/schema/logo/image/","url":"http://www.region-fes-meknes.ma/wp-content/uploads/2017/10/logo-rfm4.png","contentUrl":"http://www.region-fes-meknes.ma/wp-content/uploads/2017/10/logo-rfm4.png","width":304,"height":291,"caption":"Région Fès Mèknès"},"image":{"@id":"https://www.region-fes-meknes.ma/#/schema/logo/image/"}}]}</script>
<!-- / Yoast SEO plugin. -->

Ressources humaines et main d'oeuvre qualifiées - Région Fès Meknès

La région compte des universités avec des écoles d’ingénieurs (ENSAM, ENSA, ENA…) et de commerce (ENCG..) en plus des facultés. Des lauréats sont diplômés chaque année, représentant différents profils : ...

Région Fès Meknès

La Région

Investir à la Région

Portail de la Région Fès-Meknès

Site officiel de la région Fès-Meknès.

Région Fès Mèknès

https://www.facebook.com/Région-Fès-Meknès-1130195096990872
