{"id":3479,"date":"2017-12-28T12:52:22","date_gmt":"2017-12-28T11:52:22","guid":{"rendered":"http:\/\/www.region-fes-meknes.ma\/?page_id=3479"},"modified":"2018-04-02T14:58:00","modified_gmt":"2018-04-02T12:58:00","slug":"habitat-et-logement","status":"publish","type":"page","link":"https:\/\/www.region-fes-meknes.ma\/fr\/la-region\/vivre-a-la-region\/habitat-et-logement\/","title":{"rendered":"Habitat et logement"},"content":{"rendered":"<p>La R\u00e9gion F\u00e8s \u2013 Mekn\u00e8s connait un r\u00e9el essor en mati\u00e8re de logement. Avec plusieurs projets immobiliers, le secteur offre une multitude de choix qui satisferont tous les budgets. Des logements, sociaux et \u00e9conomiques aux logements de haut standing, passant par les r\u00e9sidences \u00e9quip\u00e9es et les lots de terrain de toutes superficies, l\u2019assiette immobili\u00e8re est tr\u00e8s riches est vari\u00e9e.<\/p>\n<p>Pour trouver un logement, vous pouvez consulter les nombreuses agences immobili\u00e8res pr\u00e9sentes dans tous les recoins des provinces de la r\u00e9gion ou les sites des promoteurs, des annonces ou des journaux sp\u00e9cialis\u00e9s.<\/p>\n<p>Les pr\u00e9fectures de F\u00e8s et de Mekn\u00e8s offrent des riads qui sont de grandes demeures traditionnelles b\u00e2ties autour d\u2019un patio dans les c\u0153urs des anciennes m\u00e9dinas.<\/p>\n","protected":false},"excerpt":{"rendered":"<p>La R\u00e9gion F\u00e8s \u2013 Mekn\u00e8s connait un r\u00e9el essor en mati\u00e8re de logement. Avec plusieurs projets immobiliers, le secteur offre une multitude de choix qui satisferont tous les budgets. Des &#8230;<\/p>\n","protected":false},"author":1,"featured_media":0,"parent":1350,"menu_order":1,"comment_status":"closed","ping_status":"closed","template":"","meta":{"_bbp_topic_count":0,"_bbp_reply_count":0,"_bbp_total_topic_count":0,"_bbp_total_reply_count":0,"_bbp_voice_count":0,"_bbp_anonymous_reply_count":0,"_bbp_topic_count_hidden":0,"_bbp_reply_count_hidden":0,"_bbp_forum_subforum_count":0},"acf":[],"yoast_head":"<!-- This site is optimized with the Yoast SEO plugin v19.5.1 - https:\/\/yoast.com\/wordpress\/plugins\/seo\/ -->\n<title>Habitat et logement - R\u00e9gion F\u00e8s Mekn\u00e8s<\/title>\n<meta name=\"robots\" content=\"index, follow, max-snippet:-1, max-image-preview:large, max-video-preview:-1\" \/>\n<link rel=\"canonical\" href=\"https:\/\/www.region-fes-meknes.ma\/fr\/la-region\/vivre-a-la-region\/habitat-et-logement\/\" \/>\n<meta property=\"og:locale\" content=\"fr_FR\" \/>\n<meta property=\"og:type\" content=\"article\" \/>\n<meta property=\"og:title\" content=\"Habitat et logement - R\u00e9gion F\u00e8s Mekn\u00e8s\" \/>\n<meta property=\"og:description\" content=\"La R\u00e9gion F\u00e8s \u2013 Mekn\u00e8s connait un r\u00e9el essor en mati\u00e8re de logement. Avec plusieurs projets immobiliers, le secteur offre une multitude de choix qui satisferont tous les budgets. Des ...\" \/>\n<meta property=\"og:url\" content=\"https:\/\/www.region-fes-meknes.ma\/fr\/la-region\/vivre-a-la-region\/habitat-et-logement\/\" \/>\n<meta property=\"og:site_name\" content=\"R\u00e9gion F\u00e8s Mekn\u00e8s\" \/>\n<meta property=\"article:publisher\" content=\"https:\/\/www.facebook.com\/R%c3%a9gion-F%c3%a8s-Mekn%c3%a8s-1130195096990872\" \/>\n<meta property=\"article:modified_time\" content=\"2018-04-02T12:58:00+00:00\" \/>\n<meta name=\"twitter:card\" content=\"summary_large_image\" \/>\n<meta name=\"twitter:label1\" content=\"Dur\u00e9e de lecture estim\u00e9e\" \/>\n\t<meta name=\"twitter:data1\" content=\"1 minute\" \/>\n<script type=\"application\/ld+json\" class=\"yoast-schema-graph\">{\"@context\":\"https:\/\/schema.org\",\"@graph\":[{\"@type\":\"WebPage\",\"@id\":\"https:\/\/www.region-fes-meknes.ma\/fr\/la-region\/vivre-a-la-region\/habitat-et-logement\/\",\"url\":\"https:\/\/www.region-fes-meknes.ma\/fr\/la-region\/vivre-a-la-region\/habitat-et-logement\/\",\"name\":\"Habitat et logement - R\u00e9gion F\u00e8s Mekn\u00e8s\",\"isPartOf\":{\"@id\":\"https:\/\/www.region-fes-meknes.ma\/#website\"},\"datePublished\":\"2017-12-28T11:52:22+00:00\",\"dateModified\":\"2018-04-02T12:58:00+00:00\",\"breadcrumb\":{\"@id\":\"https:\/\/www.region-fes-meknes.ma\/fr\/la-region\/vivre-a-la-region\/habitat-et-logement\/#breadcrumb\"},\"inLanguage\":\"fr-FR\",\"potentialAction\":[{\"@type\":\"ReadAction\",\"target\":[\"https:\/\/www.region-fes-meknes.ma\/fr\/la-region\/vivre-a-la-region\/habitat-et-logement\/\"]}]},{\"@type\":\"BreadcrumbList\",\"@id\":\"https:\/\/www.region-fes-meknes.ma\/fr\/la-region\/vivre-a-la-region\/habitat-et-logement\/#breadcrumb\",\"itemListElement\":[{\"@type\":\"ListItem\",\"position\":1,\"name\":\"Accueil\",\"item\":\"https:\/\/www.region-fes-meknes.ma\/fr\/\"},{\"@type\":\"ListItem\",\"position\":2,\"name\":\"La R\u00e9gion\",\"item\":\"https:\/\/www.region-fes-meknes.ma\/fr\/la-region\/\"},{\"@type\":\"ListItem\",\"position\":3,\"name\":\"Vivre \u00e0 la R\u00e9gion\",\"item\":\"https:\/\/www.region-fes-meknes.ma\/fr\/la-region\/vivre-a-la-region\/\"},{\"@type\":\"ListItem\",\"position\":4,\"name\":\"Habitat et logement\"}]},{\"@type\":\"WebSite\",\"@id\":\"https:\/\/www.region-fes-meknes.ma\/#website\",\"url\":\"https:\/\/www.region-fes-meknes.ma\/\",\"name\":\"Portail de la R\u00e9gion F\u00e8s-Mekn\u00e8s\",\"description\":\"Site officiel de la r\u00e9gion F\u00e8s-Mekn\u00e8s.\",\"publisher\":{\"@id\":\"https:\/\/www.region-fes-meknes.ma\/#organization\"},\"potentialAction\":[{\"@type\":\"SearchAction\",\"target\":{\"@type\":\"EntryPoint\",\"urlTemplate\":\"https:\/\/www.region-fes-meknes.ma\/?s={search_term_string}\"},\"query-input\":\"required name=search_term_string\"}],\"inLanguage\":\"fr-FR\"},{\"@type\":\"Organization\",\"@id\":\"https:\/\/www.region-fes-meknes.ma\/#organization\",\"name\":\"R\u00e9gion F\u00e8s M\u00e8kn\u00e8s\",\"url\":\"https:\/\/www.region-fes-meknes.ma\/\",\"sameAs\":[\"https:\/\/www.facebook.com\/R\u00e9gion-F\u00e8s-Mekn\u00e8s-1130195096990872\"],\"logo\":{\"@type\":\"ImageObject\",\"inLanguage\":\"fr-FR\",\"@id\":\"https:\/\/www.region-fes-meknes.ma\/#\/schema\/logo\/image\/\",\"url\":\"http:\/\/www.region-fes-meknes.ma\/wp-content\/uploads\/2017\/10\/logo-rfm4.png\",\"contentUrl\":\"http:\/\/www.region-fes-meknes.ma\/wp-content\/uploads\/2017\/10\/logo-rfm4.png\",\"width\":304,\"height\":291,\"caption\":\"R\u00e9gion F\u00e8s M\u00e8kn\u00e8s\"},\"image\":{\"@id\":\"https:\/\/www.region-fes-meknes.ma\/#\/schema\/logo\/image\/\"}}]}<\/script>\n<!-- \/ Yoast SEO plugin. -->","yoast_head_json":{"title":"Habitat et logement - R\u00e9gion F\u00e8s Mekn\u00e8s","robots":{"index":"index","follow":"follow","max-snippet":"max-snippet:-1","max-image-preview":"max-image-preview:large","max-video-preview":"max-video-preview:-1"},"canonical":"https:\/\/www.region-fes-meknes.ma\/fr\/la-region\/vivre-a-la-region\/habitat-et-logement\/","og_locale":"fr_FR","og_type":"article","og_title":"Habitat et logement - R\u00e9gion F\u00e8s Mekn\u00e8s","og_description":"La R\u00e9gion F\u00e8s \u2013 Mekn\u00e8s connait un r\u00e9el essor en mati\u00e8re de logement. Avec plusieurs projets immobiliers, le secteur offre une multitude de choix qui satisferont tous les budgets. Des ...","og_url":"https:\/\/www.region-fes-meknes.ma\/fr\/la-region\/vivre-a-la-region\/habitat-et-logement\/","og_site_name":"R\u00e9gion F\u00e8s Mekn\u00e8s","article_publisher":"https:\/\/www.facebook.com\/R%c3%a9gion-F%c3%a8s-Mekn%c3%a8s-1130195096990872","article_modified_time":"2018-04-02T12:58:00+00:00","twitter_card":"summary_large_image","twitter_misc":{"Dur\u00e9e de lecture estim\u00e9e":"1 minute"},"schema":{"@context":"https:\/\/schema.org","@graph":[{"@type":"WebPage","@id":"https:\/\/www.region-fes-meknes.ma\/fr\/la-region\/vivre-a-la-region\/habitat-et-logement\/","url":"https:\/\/www.region-fes-meknes.ma\/fr\/la-region\/vivre-a-la-region\/habitat-et-logement\/","name":"Habitat et logement - R\u00e9gion F\u00e8s Mekn\u00e8s","isPartOf":{"@id":"https:\/\/www.region-fes-meknes.ma\/#website"},"datePublished":"2017-12-28T11:52:22+00:00","dateModified":"2018-04-02T12:58:00+00:00","breadcrumb":{"@id":"https:\/\/www.region-fes-meknes.ma\/fr\/la-region\/vivre-a-la-region\/habitat-et-logement\/#breadcrumb"},"inLanguage":"fr-FR","potentialAction":[{"@type":"ReadAction","target":["https:\/\/www.region-fes-meknes.ma\/fr\/la-region\/vivre-a-la-region\/habitat-et-logement\/"]}]},{"@type":"BreadcrumbList","@id":"https:\/\/www.region-fes-meknes.ma\/fr\/la-region\/vivre-a-la-region\/habitat-et-logement\/#breadcrumb","itemListElement":[{"@type":"ListItem","position":1,"name":"Accueil","item":"https:\/\/www.region-fes-meknes.ma\/fr\/"},{"@type":"ListItem","position":2,"name":"La R\u00e9gion","item":"https:\/\/www.region-fes-meknes.ma\/fr\/la-region\/"},{"@type":"ListItem","position":3,"name":"Vivre \u00e0 la R\u00e9gion","item":"https:\/\/www.region-fes-meknes.ma\/fr\/la-region\/vivre-a-la-region\/"},{"@type":"ListItem","position":4,"name":"Habitat et logement"}]},{"@type":"WebSite","@id":"https:\/\/www.region-fes-meknes.ma\/#website","url":"https:\/\/www.region-fes-meknes.ma\/","name":"Portail de la R\u00e9gion F\u00e8s-Mekn\u00e8s","description":"Site officiel de la r\u00e9gion F\u00e8s-Mekn\u00e8s.","publisher":{"@id":"https:\/\/www.region-fes-meknes.ma\/#organization"},"potentialAction":[{"@type":"SearchAction","target":{"@type":"EntryPoint","urlTemplate":"https:\/\/www.region-fes-meknes.ma\/?s={search_term_string}"},"query-input":"required name=search_term_string"}],"inLanguage":"fr-FR"},{"@type":"Organization","@id":"https:\/\/www.region-fes-meknes.ma\/#organization","name":"R\u00e9gion F\u00e8s M\u00e8kn\u00e8s","url":"https:\/\/www.region-fes-meknes.ma\/","sameAs":["https:\/\/www.facebook.com\/R\u00e9gion-F\u00e8s-Mekn\u00e8s-1130195096990872"],"logo":{"@type":"ImageObject","inLanguage":"fr-FR","@id":"https:\/\/www.region-fes-meknes.ma\/#\/schema\/logo\/image\/","url":"http:\/\/www.region-fes-meknes.ma\/wp-content\/uploads\/2017\/10\/logo-rfm4.png","contentUrl":"http:\/\/www.region-fes-meknes.ma\/wp-content\/uploads\/2017\/10\/logo-rfm4.png","width":304,"height":291,"caption":"R\u00e9gion F\u00e8s M\u00e8kn\u00e8s"},"image":{"@id":"https:\/\/www.region-fes-meknes.ma\/#\/schema\/logo\/image\/"}}]}},"_links":{"self":[{"href":"https:\/\/www.region-fes-meknes.ma\/fr\/wp-json\/wp\/v2\/pages\/3479"}],"collection":[{"href":"https:\/\/www.region-fes-meknes.ma\/fr\/wp-json\/wp\/v2\/pages"}],"about":[{"href":"https:\/\/www.region-fes-meknes.ma\/fr\/wp-json\/wp\/v2\/types\/page"}],"author":[{"embeddable":true,"href":"https:\/\/www.region-fes-meknes.ma\/fr\/wp-json\/wp\/v2\/users\/1"}],"replies":[{"embeddable":true,"href":"https:\/\/www.region-fes-meknes.ma\/fr\/wp-json\/wp\/v2\/comments?post=3479"}],"version-history":[{"count":3,"href":"https:\/\/www.region-fes-meknes.ma\/fr\/wp-json\/wp\/v2\/pages\/3479\/revisions"}],"predecessor-version":[{"id":4688,"href":"https:\/\/www.region-fes-meknes.ma\/fr\/wp-json\/wp\/v2\/pages\/3479\/revisions\/4688"}],"up":[{"embeddable":true,"href":"https:\/\/www.region-fes-meknes.ma\/fr\/wp-json\/wp\/v2\/pages\/1350"}],"wp:attachment":[{"href":"https:\/\/www.region-fes-meknes.ma\/fr\/wp-json\/wp\/v2\/media?parent=3479"}],"curies":[{"name":"wp","href":"https:\/\/api.w.org\/{rel}","templated":true}]}}

<p>La Région Fès – Meknès connait un réel essor en matière de logement. Avec plusieurs projets immobiliers, le secteur offre une multitude de choix qui satisferont tous les budgets. Des logements, sociaux et économiques aux logements de haut standing, passant par les résidences équipées et les lots de terrain de toutes superficies, l’assiette immobilière est très riches est variée.</p>
<p>Pour trouver un logement, vous pouvez consulter les nombreuses agences immobilières présentes dans tous les recoins des provinces de la région ou les sites des promoteurs, des annonces ou des journaux spécialisés.</p>
<p>Les préfectures de Fès et de Meknès offrent des riads qui sont de grandes demeures traditionnelles bâties autour d’un patio dans les cœurs des anciennes médinas.</p>

<p>La Région Fès – Meknès connait un réel essor en matière de logement. Avec plusieurs projets immobiliers, le secteur offre une multitude de choix qui satisferont tous les budgets. Des &#8230;</p>

<!-- This site is optimized with the Yoast SEO plugin v19.5.1 - https://yoast.com/wordpress/plugins/seo/ -->
<title>Habitat et logement - Région Fès Meknès</title>
<meta name="robots" content="index, follow, max-snippet:-1, max-image-preview:large, max-video-preview:-1" />
<link rel="canonical" href="https://www.region-fes-meknes.ma/fr/la-region/vivre-a-la-region/habitat-et-logement/" />
<meta property="og:locale" content="fr_FR" />
<meta property="og:type" content="article" />
<meta property="og:title" content="Habitat et logement - Région Fès Meknès" />
<meta property="og:description" content="La Région Fès – Meknès connait un réel essor en matière de logement. Avec plusieurs projets immobiliers, le secteur offre une multitude de choix qui satisferont tous les budgets. Des ..." />
<meta property="og:url" content="https://www.region-fes-meknes.ma/fr/la-region/vivre-a-la-region/habitat-et-logement/" />
<meta property="og:site_name" content="Région Fès Meknès" />
<meta property="article:publisher" content="https://www.facebook.com/R%c3%a9gion-F%c3%a8s-Mekn%c3%a8s-1130195096990872" />
<meta property="article:modified_time" content="2018-04-02T12:58:00+00:00" />
<meta name="twitter:card" content="summary_large_image" />
<meta name="twitter:label1" content="Durée de lecture estimée" />
	<meta name="twitter:data1" content="1 minute" />
<script type="application/ld+json" class="yoast-schema-graph">{"@context":"https://schema.org","@graph":[{"@type":"WebPage","@id":"https://www.region-fes-meknes.ma/fr/la-region/vivre-a-la-region/habitat-et-logement/","url":"https://www.region-fes-meknes.ma/fr/la-region/vivre-a-la-region/habitat-et-logement/","name":"Habitat et logement - Région Fès Meknès","isPartOf":{"@id":"https://www.region-fes-meknes.ma/#website"},"datePublished":"2017-12-28T11:52:22+00:00","dateModified":"2018-04-02T12:58:00+00:00","breadcrumb":{"@id":"https://www.region-fes-meknes.ma/fr/la-region/vivre-a-la-region/habitat-et-logement/#breadcrumb"},"inLanguage":"fr-FR","potentialAction":[{"@type":"ReadAction","target":["https://www.region-fes-meknes.ma/fr/la-region/vivre-a-la-region/habitat-et-logement/"]}]},{"@type":"BreadcrumbList","@id":"https://www.region-fes-meknes.ma/fr/la-region/vivre-a-la-region/habitat-et-logement/#breadcrumb","itemListElement":[{"@type":"ListItem","position":1,"name":"Accueil","item":"https://www.region-fes-meknes.ma/fr/"},{"@type":"ListItem","position":2,"name":"La Région","item":"https://www.region-fes-meknes.ma/fr/la-region/"},{"@type":"ListItem","position":3,"name":"Vivre à la Région","item":"https://www.region-fes-meknes.ma/fr/la-region/vivre-a-la-region/"},{"@type":"ListItem","position":4,"name":"Habitat et logement"}]},{"@type":"WebSite","@id":"https://www.region-fes-meknes.ma/#website","url":"https://www.region-fes-meknes.ma/","name":"Portail de la Région Fès-Meknès","description":"Site officiel de la région Fès-Meknès.","publisher":{"@id":"https://www.region-fes-meknes.ma/#organization"},"potentialAction":[{"@type":"SearchAction","target":{"@type":"EntryPoint","urlTemplate":"https://www.region-fes-meknes.ma/?s={search_term_string}"},"query-input":"required name=search_term_string"}],"inLanguage":"fr-FR"},{"@type":"Organization","@id":"https://www.region-fes-meknes.ma/#organization","name":"Région Fès Mèknès","url":"https://www.region-fes-meknes.ma/","sameAs":["https://www.facebook.com/Région-Fès-Meknès-1130195096990872"],"logo":{"@type":"ImageObject","inLanguage":"fr-FR","@id":"https://www.region-fes-meknes.ma/#/schema/logo/image/","url":"http://www.region-fes-meknes.ma/wp-content/uploads/2017/10/logo-rfm4.png","contentUrl":"http://www.region-fes-meknes.ma/wp-content/uploads/2017/10/logo-rfm4.png","width":304,"height":291,"caption":"Région Fès Mèknès"},"image":{"@id":"https://www.region-fes-meknes.ma/#/schema/logo/image/"}}]}</script>
<!-- / Yoast SEO plugin. -->

Habitat et logement - Région Fès Meknès

La Région Fès – Meknès connait un réel essor en matière de logement. Avec plusieurs projets immobiliers, le secteur offre une multitude de choix qui satisferont tous les budgets. Des ...

Région Fès Meknès

La Région

Vivre à la Région

Portail de la Région Fès-Meknès

Site officiel de la région Fès-Meknès.

Région Fès Mèknès

https://www.facebook.com/Région-Fès-Meknès-1130195096990872
